9044499 composite?
False
Is 65049557033 a prime number?
True
Is 1800610673 a prime number?
True
Is 19204543819 prime?
True
Is 6480984383 prime?
False
Is 18331026539 a composite number?
True
Is 20121738697 a composite number?
False
Is 11600085407 a prime number?
True
Is 6267171311 a composite number?
False
Is 12813112771 composite?
False
Is 7747280399 composite?
True
Is 11892278719 a prime number?
False
Is 86307312863 a composite number?
True
Is 1721911091 a composite number?
False
Is 9572362039 prime?
True
Is 30979404101 a composite number?
False
Is 473657231 a composite number?
True
Is 32665478647 a prime number?
True
Is 33505499 composite?
False
Is 21741416629 prime?
True
Is 280954678 a prime number?
False
Is 50635305451 composite?
False
Is 5584541821 composite?
False
Is 744606311 a composite number?
False
Is 5959238557 composite?
False
Is 123343247413 prime?
False
Is 1922654087 composite?
True
Is 339032999 composite?
False
Is 151346687309 prime?
True
Is 74081659151 a prime number?
True
Is 78462649919 a composite number?
True
Is 414196513 a prime number?
False
Is 4751479841 prime?
True
Is 40282239 a composite number?
True
Is 4287410683 prime?
True
Is 381539281 prime?
True
Is 10188773597 prime?
False
Is 4791616709 composite?
True
Is 9247779979 a prime number?
True
Is 22342200961 composite?
False
Is 2511245239 prime?
True
Is 8412080093 composite?
False
Is 4949945657 a composite number?
True
Is 1976017133 prime?
True
Is 998240591 prime?
False
Is 107430557579 a prime number?
True
Is 1517953771 a prime number?
False
Is 3666068473 a composite number?
False
Is 9199171697 a composite number?
False
Is 1729152445 prime?
False
Is 1098599977 a prime number?
False
Is 1960978601 a composite number?
False
Is 9106961911 a composite number?
True
Is 4109755087 prime?
True
Is 963091391 a prime number?
True
Is 22164343 prime?
True
Is 17120968853 a composite number?
True
Is 8335110973 composite?
True
Is 11695336277 a prime number?
True
Is 6752245021 a composite number?
False
Is 57031573 prime?
True
Is 1172501573 a prime number?
True
Is 178099249 prime?
False
Is 10447014041 prime?
True
Is 36896273 a composite number?
True
Is 1419948553 prime?
True
Is 39697008451 a composite number?
False
Is 5560889591 a composite number?
False
Is 6197507429 composite?
True
Is 23777589877 prime?
False
Is 924314551 a prime number?
True
Is 2609208019 a prime number?
False
Is 4778322251 a prime number?
True
Is 693602443 a prime number?
True
Is 10210957817 a composite number?
False
Is 1154639383 prime?
True
Is 1011260399 prime?
True
Is 256706669 a composite number?
False
Is 23623700587 a composite number?
False
Is 3377561111 composite?
False
Is 1880402071 a composite number?
False
Is 23677821281 composite?
False
Is 733210459 a prime number?
False
Is 46939465531 a composite number?
True
Is 891304787 a composite number?
False
Is 5145208603 a composite number?
True
Is 37212905245 prime?
False
Is 83003745697 a composite number?
True
Is 2006441839 a composite number?
False
Is 7265991697 a prime number?
False
Is 180842253589 a prime number?
True
Is 950018185 a composite number?
True
Is 571263661 composite?
False
Is 423865427 a prime number?
False
Is 33662645011 a composite number?
False
Is 29387282726 a prime number?
False
Is 2014141741 a prime number?
True
Is 29934257583 composite?
True
Is 3332616559 composite?
True
Is 564648233 a prime number?
False
Is 1118429021 a prime number?
False
Is 5023155965 a prime number?
False
Is 287581423 a prime number?
True
Is 165071125565 a composite number?
True
Is 2206212649 a composite number?
True
Is 5236573883 a composite number?
False
Is 2610317393 a prime number?
True
Is 21141023329 a prime number?
False
Is 2900529791 a composite number?
False
Is 2667167891 prime?
False
Is 619729417 a prime number?
True
Is 472790303 a prime number?
True
Is 4053878377 prime?
False
Is 3861902441 prime?
False
Is 1189471867 a prime number?
False
Is 4265326411 a composite number?
False
Is 64037542207 a composite number?
False
Is 289482859 prime?
True
Is 6580439961 prime?
False
Is 152486368261 a composite number?
True
Is 9181518553 composite?
False
Is 262135957 composite?
False
Is 445003549 prime?
False
Is 2651414111 prime?
False
Is 6608878999 a composite number?
False
Is 3938280715 a prime number?
False
Is 25477238177 a prime number?
True
Is 19049669917 prime?
True
Is 345764098 a prime number?
False
Is 49995081797 prime?
True
Is 298898435063 a composite number?
False
Is 7404151387 composite?
True
Is 72320389 a composite number?
True
Is 2242547569 a prime number?
False
Is 645796379 a prime number?
False
Is 4381107707 a prime number?
False
Is 3285293029 a prime number?
True
Is 3407473106 composite?
True
Is 105338743021 a prime number?
False
Is 25672325017 a composite number?
True
Is 15674972609 a prime number?
True
Is 28479019027 a composite number?
False
Is 5362921853 prime?
True
Is 2007352813 prime?
True
Is 3301077691 a prime number?
False
Is 2808940559 a prime number?
False
Is 741691921 composite?
True
Is 166217209 a prime number?
False
Is 63777625685 a prime number?
False
Is 9536077589 composite?
True
Is 630111143 a prime number?
False
Is 312323626981 a prime number?
True
Is 148412963 a composite number?
False
Is 1416886723 a composite number?
True
Is 9368425459 composite?
True
Is 144476837 a composite number?
False
Is 31982476705 prime?
False
Is 54801023 composite?
True
Is 7784529427 prime?
False
Is 5070144041 a composite number?
False
Is 1393402111 composite?
True
Is 1496847047 composite?
False
Is 50288149829 a composite number?
False
Is 973153177 composite?
False
Is 9792442409 a composite number?
True
Is 1757879219 a composite number?
False
Is 2508234503 prime?
True
Is 571824883 a composite number?
True
Is 13993508063 a prime number?
True
Is 36243945581 prime?
False
Is 28651520663 a composite number?
False
Is 44350471 a prime number?
False
Is 240274319 a composite number?
False
Is 569170681 a prime number?
True
Is 2147447851 prime?
False
Is 248619829 a prime number?
True
Is 11661983929 a composite number?
False
Is 1582097441 a prime number?
True
Is 6191408593 prime?
True
Is 446751689 composite?
False
Is 4141838359 composite?
True
Is 8567561641 a composite number?
False
Is 233126856958 prime?
False
Is 1704035321 composite?
True
Is 15095450959 a prime number?
False
Is 59457091691 composite?
True
Is 54746972279 a prime number?
True
Is 1237450931 a composite number?
False
Is 1060101787 prime?
False
Is 4003659349 prime?
False
Is 853744657 composite?
False
Is 7779562333 prime?
False
Is 16511021126 a prime number?
False
Is 527042323 composite?
False
Is 38324314579 a prime number?
True
Is 235806223 prime?
False
Is 2177280793 composite?
True
Is 7518659113 a prime number?
False
Is 36551490281 a composite number?
False
Is 38155977833 composite?
False
Is 320866457 a prime number?
True
Is 3981404789 prime?
True
Is 114158764129 a prime number?
True
Is 29109007903 a composite number?
False
Is 1019207153 a composite number?
False
Is 139968403 a prime number?
False
Is 128258773 prime?
False
Is 2980239359 composite?
False
Is 5638910705 a prime number?
False
Is 887083361 a composite number?
False
Is 569877941 composite?
True
Is 6072463951 a composite number?
False
Is 12737928451 a composite number?
False
Is 350043461 a composite number?
False
Is 446707603 a composite number?
False
Is 2394205669 a composite number?
False
Is 24785473841 composite?
False
Is 13579030589 composite?
True
Is 959544059 prime?
False
Is 165456253 prime?
True
Is 32410037627 a composite number?
True
Is 12124855499 prime?
True
Is 15832234001 prime?
True
Is 53002826471 composite?
True
Is 10891763 composite?
False
Is 6245091914 prime?
False
Is 131062993 composite?
True
Is 2665742459 prime?
True
Is 542281013 a composite number?
True
Is 120721613 a composite number?
False
Is 88667963 a prime number?
False
Is 797819483 prime?
True
Is 24677521151 composite?
False
Is 25681076387 a composite number?
True
Is 34766402243 composite?
False
Is 1594038349 a composite number?
False
Is 60209551 a prime number?
False
Is 2144746517 a prime number?
False
Is 2493249701 prime?
True
Is 35790366223 a prime number?
False
Is 420590759 a prime number?
True
Is 300106997 composite?
False
Is 5452995809 prime?
False
Is 62243360407 composite